{"id":377,"date":"2026-03-15T16:38:09","date_gmt":"2026-03-15T16:38:09","guid":{"rendered":"https:\/\/iv-ennepetal.de\/?post_type=tribe_events&#038;p=377"},"modified":"2026-03-21T09:53:35","modified_gmt":"2026-03-21T09:53:35","slug":"sommerfest-2026","status":"publish","type":"tribe_events","link":"https:\/\/iv-ennepetal.de\/index.php\/event\/sommerfest-2026\/","title":{"rendered":"Sommerfest 2026"},"content":{"rendered":"<p>Auch in diesem Jahr findet wieder unser Sommerfest statt.<\/p>\n<p>An unserem Lehrbienenstand im Voerder Wald bekommt ihr an diesem Tag, neben vielen Infos rund um die Biene, einen Einblick in die Welt der Hobbyimker. Dazu wird es auch in diesem Jahr ein Schaubienenvolk vor Ort geben.<\/p>\n<p>Dar\u00fcber hinaus k\u00f6nnt ihr Honig und weitere Produkte von unseren Imkern kaufen oder in der Tombola gewinnen.<\/p>\n<p>Nat\u00fcrlich ist auch f\u00fcr das leibliche Wohl gesorgt. Es gibt Gegrilltes, eine gro\u00dfe Kuchenauswahl, Kaffee und Kaltgetr\u00e4nke.<\/p>\n<p>Wir freuen uns auf euren Besuch!<\/p>\n","protected":false},"excerpt":{"rendered":"<p>Auch in diesem Jahr findet wieder unser Sommerfest statt. An unserem Lehrbienenstand im Voerder Wald bekommt ihr an diesem Tag, neben vielen Infos rund um die Biene, einen Einblick in&hellip; <br \/> <a class=\"read-more\" href=\"https:\/\/iv-ennepetal.de\/index.php\/event\/sommerfest-2026\/\">Read more<\/a><\/p>\n","protected":false},"author":5,"featured_media":0,"template":"","meta":{"_tribe_events_status":"","_tribe_events_status_reason":"","footnotes":""},"tags":[],"tribe_events_cat":[],"class_list":["post-377","tribe_events","type-tribe_events","status-publish","hentry"],"_links":{"self":[{"href":"https:\/\/iv-ennepetal.de\/index.php\/wp-json\/wp\/v2\/tribe_events\/377","targetHints":{"allow":["GET"]}}],"collection":[{"href":"https:\/\/iv-ennepetal.de\/index.php\/wp-json\/wp\/v2\/tribe_events"}],"about":[{"href":"https:\/\/iv-ennepetal.de\/index.php\/wp-json\/wp\/v2\/types\/tribe_events"}],"author":[{"embeddable":true,"href":"https:\/\/iv-ennepetal.de\/index.php\/wp-json\/wp\/v2\/users\/5"}],"version-history":[{"count":4,"href":"https:\/\/iv-ennepetal.de\/index.php\/wp-json\/wp\/v2\/tribe_events\/377\/revisions"}],"predecessor-version":[{"id":405,"href":"https:\/\/iv-ennepetal.de\/index.php\/wp-json\/wp\/v2\/tribe_events\/377\/revisions\/405"}],"wp:attachment":[{"href":"https:\/\/iv-ennepetal.de\/index.php\/wp-json\/wp\/v2\/media?parent=377"}],"wp:term":[{"taxonomy":"post_tag","embeddable":true,"href":"https:\/\/iv-ennepetal.de\/index.php\/wp-json\/wp\/v2\/tags?post=377"},{"taxonomy":"tribe_events_cat","embeddable":true,"href":"https:\/\/iv-ennepetal.de\/index.php\/wp-json\/wp\/v2\/tribe_events_cat?post=377"}],"curies":[{"name":"wp","href":"https:\/\/api.w.org\/{rel}","templated":true}]}}

<p>Auch in diesem Jahr findet wieder unser Sommerfest statt.</p>
<p>An unserem Lehrbienenstand im Voerder Wald bekommt ihr an diesem Tag, neben vielen Infos rund um die Biene, einen Einblick in die Welt der Hobbyimker. Dazu wird es auch in diesem Jahr ein Schaubienenvolk vor Ort geben.</p>
<p>Darüber hinaus könnt ihr Honig und weitere Produkte von unseren Imkern kaufen oder in der Tombola gewinnen.</p>
<p>Natürlich ist auch für das leibliche Wohl gesorgt. Es gibt Gegrilltes, eine große Kuchenauswahl, Kaffee und Kaltgetränke.</p>
<p>Wir freuen uns auf euren Besuch!</p>
